{"id":136,"date":"2024-01-08T23:34:48","date_gmt":"2024-01-08T23:34:48","guid":{"rendered":"https:\/\/asociacionamericanadejuristas.org\/web\/?page_id=136"},"modified":"2024-01-16T16:03:46","modified_gmt":"2024-01-16T16:03:46","slug":"historia","status":"publish","type":"page","link":"https:\/\/asociacionamericanadejuristas.org\/web\/historia\/","title":{"rendered":"Historia"},"content":{"rendered":"\t\t<div data-elementor-type=\"wp-page\" data-elementor-id=\"136\" class=\"elementor elementor-136\">\n\t\t\t\t<div class=\"elementor-element elementor-element-875452c e-con-full e-flex e-con e-parent\" data-id=\"875452c\" data-element_type=\"container\">\n\t\t<div class=\"elementor-element elementor-element-75bd2d4 e-con-full e-flex e-con e-child\" data-id=\"75bd2d4\" data-element_type=\"container\">\n\t\t\t\t<\/div>\n\t\t<div class=\"elementor-element elementor-element-6603172 e-con-full e-flex e-con e-child\" data-id=\"6603172\" data-element_type=\"container\">\n\t\t\t\t<div class=\"elementor-element elementor-element-67e1392 elementor-widget elementor-widget-text-editor\" data-id=\"67e1392\" data-element_type=\"widget\" data-widget_type=\"text-editor.default\">\n\t\t\t\t<div class=\"elementor-widget-container\">\n\t\t\t\t\t\t\t\t\t<h3>HISTORIA<\/h3>\n<p>La Asociaci\u00f3n Americana de Juristas es una O.N.G. fundada en 1975, con estatuto consultivo ante el Consejo Econ\u00f3mico y Social de las Naciones Unidas. Son sus principios y objetivos (art. 2 de los Estatutos):<\/p>\n<ul>\n<li>La lucha por la autodeterminaci\u00f3n de los pueblos, la plena independencia econ\u00f3mica, y la soberan\u00eda del Estado sobre sus riquezas y recursos naturales.<\/li>\n<li>La acci\u00f3n contra el imperialismo, el colonialismo, el fascismo, el neocolonialismo, y contra la discriminaci\u00f3n racial, de la mujer, los abor\u00edgenes y minor\u00edas nacionales.<\/li>\n<li>La defensa de la paz efectiva basada en el principio de la coexistencia pacifica entre Estados de diferentes sistemas sociales y econ\u00f3micos.<\/li>\n<li>La defensa y promoci\u00f3n de los derechos humanos y la concreci\u00f3n de mejores y m\u00e1s efectivas garant\u00edas de protecci\u00f3n.<\/li>\n<li>La condena y denuncia de las legislaciones represivas existentes en pa\u00edses americanos, que contradigan o tergiversen los principios y objetivos de esta entidad.<\/li>\n<li>El establecimiento de fraternas relaciones y acciones comunes entre los juristas de todo el mundo, y sus organizaciones, empe\u00f1adas en similares objetivos a los aqu\u00ed enunciados.<\/li>\n<li>La movilizaci\u00f3n de los juristas de los pa\u00edses americanos, a fin de desarrollar una acci\u00f3n conjunta tendiente a lograr que la ciencia jur\u00eddica participe activamente en sus respectivos pa\u00edses en el proceso de cambios socioecon\u00f3micos que est\u00e9n en consonancia con los principios y objetivos aqu\u00ed enumerados.<\/li>\n<li>La defensa, efectiva protecci\u00f3n y dignificaci\u00f3n del ejercicio de la abogac\u00eda, as\u00ed como la solidaridad con los juristas perseguidos por su acci\u00f3n en pro de los principios aqu\u00ed expresados.<\/li>\n<\/ul><div><font color=\"#000000\" face=\"Poppins, sans-serif\"><br><\/font><\/div>\n<p>La A.A.J. es una organizaci\u00f3n de miembros individuales que pueden integrarse a una Rama Nacional. Tiene asociados en todos los pa\u00edses del Continente.<\/p>\n<p><\/p>\n<h3>Las conferencias continentales y otros encuentros<\/h3>\n<p>De acuerdo con lo establecido en sus Estatutos la Asociaci\u00f3n realiza una Conferencia Interamericana cada tres a\u00f1os, en las que se abordan las cuestiones fundamentales para los pueblos.<\/p>\n<p>Adem\u00e1s de las conferencias continentales, se han realizado otros encuentros m\u00e1s restringidos por su tem\u00e1tica o su \u00e1mbito regional, entre los cuales corresponde citar:<\/p>\n<ul>\n<li>Primer Congreso Americano sobre Aspectos Jur\u00eddicos de la Deuda Externa.<br>Lima, Per\u00fa, marzo de 1986.<\/li>\n<li>Primer Encuentro Internacional de Juristas de Colombia y Venezuela.<br>San Crist\u00f3bal, Venezuela, Julio de 1988.<\/li>\n<li>Primer Encuentro Latinoamericano de Abogados y Magistrados sobre \u00abLa Responsabilidad de Abogados y Magistrados en el Estado Democr\u00e1tico.<br>Lima, Per\u00fa, octubre de 1988<\/li>\n<li>1\u00ba, 2\u00ba y 3er. \u00abEncuentro Interamericano de Derecho laboral y de la Seguridad Social\u00bb . 1989, 1996 y 1999 en La Habana, Cuba.<\/li>\n<li>Primer Encuentro Centroamericano de Juristas por la Paz, la Democracia y el Desarrollo.<br>San Jos\u00e9 de Costa Rica, octubre de 1989<\/li>\n<li>Conferencia Internacional sobre Democracia y Sistemas Electorales.<br>Managua, Nicaragua Enero de 1990<\/li>\n<li>Primer Congreso Iberoamericano de Derecho Municipal.<br>Montevideo, Uruguay, 3 el 5 de Noviembre de 1990<\/li>\n<li>Encuentro sobre la paz en Medio Oriente y el Nuevo Orden Internacional.<br>Organizado conjuntamente con el Consejo Federal de la Orden dos Advogados do Brasil, en Brasilia del 12 al 15 de Marzo de 1991.<\/li>\n<li>Primer Seminario Internacional sobre Integraci\u00f3n Jur\u00eddico-econ\u00f3mica de los Estados del Caribe y Centroam\u00e9rica.<br>Santo Domingo, Rep\u00fablica Dominicana, octubre de 1996<\/li>\n<li>Primer Seminario Regional sobre Mercosur.<br>Buenos Aires, Abril de 1997.<\/li>\n<\/ul><div><font color=\"#000000\" face=\"Poppins, sans-serif\"><br><\/font><\/div>\n<h3>Jornadas continentales por el respeto al derecho internacional<\/h3>\n<p>Se realiza todos los a\u00f1os en la \u00faltima semana de Junio, simult\u00e1neamente en todos los pa\u00edses de Am\u00e9rica. Consiste en actividades de diverso tipo: conferencias, debates, mesas redondas, declaraciones, etc., orientadas al cumplimiento de las normas jur\u00eddicas internacionales, especialmente los pactos de derechos humanos, y al fortalecimiento y la democratizaci\u00f3n de la O.N.U.<\/p>\n<p><\/p>\n<h3>Misiones de investigaci\u00f3n sobre situaci\u00f3n de los derechos humanos y la administraci\u00f3n de justicia<\/h3>\n<p>Entre las cumplidas se destacan: Chile (1986 y 1990) , Brasil (1989), Guatemala (1991, 1995 y 1996), El Salvador (1991), (Per\u00fa 1997), M\u00e9xico (1998), Paraguay (1998) , Ecuador (2000), Per\u00fa (2001), Puerto Rico (2001), territorios ocupados de Palestina (2001).<\/p>\n<p><\/p>\n<h3>Denuncia contra el F.M.I. y el Banco Mundial<\/h3>\n<p>Ante el Tribunal Permanente de los Pueblos, para que juzgara si las acciones de esos organismos resultan violatorias de sus propios estatutos constitutivos, de otras normas de derecho internacional, y contradictorias con su car\u00e1cter de integrantes del \u00abSistema de las Naciones Unidas\u00bb: El Tribunal se constituy\u00f3 en sesi\u00f3n p\u00fablica en Berl\u00edn, en Setiembre de 1988, con simultaneidad de fecha y lugar con la realizaci\u00f3n de la Asamblea Conjunta del FMI y el BIRF. El Tribunal tuvo gran trascendencia p\u00fablica, y la demanda fue acogida, en lo fundamental.<\/p>\n<p><\/p>\n<h3>Denuncia contra el gobierno de EE.UU. ante la Comisi\u00f3n Interamericana de Derechos Humanos<\/h3>\n<p>Con motivo de la sentencia dictada por la Corte Suprema de los EE.UU., en el caso \u00abAlvarez Machain\u00bb, que autoriz\u00f3 el secuestro internacional de personal a su gobierno, A.A.J. formul\u00f3 la correspondiente denuncia ante la C.I.D.H., la cual fue acogida por la misma, y se encuentra en tr\u00e1mite, demorado por las maniobras dilatorias del gobierno denunciado.<\/p>\n<p><\/p>\n<h3>En las Naciones Unidas<\/h3>\n<p>Act\u00faa de modo permanente con proyectos y denuncias ante la Comisi\u00f3n de Derechos Humanos en Ginebra y ante diversas comisiones del ECOSOC en Nueva York.<\/p>\n<p>Particip\u00f3 intensamente en la CUMBRE PARA LA TIERRA (R\u00edo 1992), la CONFERENCIA MUNDIAL DE DERECHOS HUMANOS (Viena, Junio de 1993), y la CUMBRE SOCIAL (Copenhague, 1995), y en los trabajos preparatorias de las mismas. Actualmente lo hace hac\u00eda la \u201cConferencia Mundial contra el Racismo, la Discriminaci\u00f3n racial, la xenofobia y otras formas de intolerancia\u201d. (falta actualizar esta secci\u00f3n)<\/p>\n<p><\/p>\n<h3>Publicaciones<\/h3>\n<ul>\n<li>Revista de la Asociaci\u00f3n Americana de Juristas. Publica dos n\u00fameros por a\u00f1o.<\/li>\n<li>Cuadernos de la Asociaci\u00f3n Americana de Juristas.<\/li>\n<\/ul><div><font color=\"#000000\" face=\"Poppins, sans-serif\"><br><\/font><\/div>\n<p>Hasta el presente se editaron cuatro t\u00edtulos, que est\u00e1n agotados, sobre los siguientes temas:<\/p>\n<ul>\n<li>El proceso de paz en Centroam\u00e9rica<\/li>\n<li>Informe de la misi\u00f3n a Chile<\/li>\n<li>La Constituci\u00f3n de Nicaragua<\/li>\n<li>Los juicios a los militares en la Argentina.<\/li>\n<\/ul><div><font color=\"#000000\" face=\"Poppins, sans-serif\"><br><\/font><\/div>\n<h3>Actividades locales<\/h3>\n<p>Las Ramas Nacionales y las filiales de estas, realizan seminarios, encuentros, conferencias, debates, cursos, declaraciones, publicaciones, sobre diversos temas, pero especialmente vinculados a los derechos humanos y al derecho internacional.<\/p><p><br><\/p>\n<p><\/p>\t\t\t\t\t\t\t\t<\/div>\n\t\t\t\t<\/div>\n\t\t\t\t<\/div>\n\t\t<div class=\"elementor-element elementor-element-75412ec e-con-full e-flex e-con e-child\" data-id=\"75412ec\" data-element_type=\"container\">\n\t\t\t\t<\/div>\n\t\t\t\t<\/div>\n\t\t\t\t<\/div>\n\t\t","protected":false},"excerpt":{"rendered":"<p>HISTORIA La Asociaci\u00f3n Americana de Juristas es una O.N.G. fundada en 1975, con estatuto consultivo ante el Consejo Econ\u00f3mico y Social de las Naciones Unidas. Son sus principios y objetivos (art. 2 de los Estatutos): La lucha por la autodeterminaci\u00f3n de los pueblos, la plena independencia econ\u00f3mica, y la soberan\u00eda del Estado sobre sus riquezas&hellip;&nbsp;<a href=\"https:\/\/asociacionamericanadejuristas.org\/web\/historia\/\" rel=\"bookmark\"><span class=\"screen-reader-text\">Historia<\/span><\/a><\/p>\n","protected":false},"author":2,"featured_media":0,"parent":0,"menu_order":0,"comment_status":"closed","ping_status":"closed","template":"page-templates\/template-pagebuilder-full-width.php","meta":{"neve_meta_sidebar":"","neve_meta_container":"","neve_meta_enable_content_width":"off","neve_meta_content_width":100,"neve_meta_title_alignment":"","neve_meta_author_avatar":"","neve_post_elements_order":"","neve_meta_disable_header":"","neve_meta_disable_footer":"","neve_meta_disable_title":"","footnotes":""},"class_list":["post-136","page","type-page","status-publish","hentry"],"yoast_head":"<!-- This site is optimized with the Yoast SEO plugin v26.4 - https:\/\/yoast.com\/wordpress\/plugins\/seo\/ -->\n<title>Historia - Asociaci\u00f3n Americana de Juristas<\/title>\n<meta name=\"robots\" content=\"index, follow, max-snippet:-1, max-image-preview:large, max-video-preview:-1\" \/>\n<link rel=\"canonical\" href=\"https:\/\/asociacionamericanadejuristas.org\/web\/historia\/\" \/>\n<meta property=\"og:locale\" content=\"es_ES\" \/>\n<meta property=\"og:type\" content=\"article\" \/>\n<meta property=\"og:title\" content=\"Historia - Asociaci\u00f3n Americana de Juristas\" \/>\n<meta property=\"og:description\" content=\"HISTORIA La Asociaci\u00f3n Americana de Juristas es una O.N.G. fundada en 1975, con estatuto consultivo ante el Consejo Econ\u00f3mico y Social de las Naciones Unidas. Son sus principios y objetivos (art. 2 de los Estatutos): La lucha por la autodeterminaci\u00f3n de los pueblos, la plena independencia econ\u00f3mica, y la soberan\u00eda del Estado sobre sus riquezas&hellip;&nbsp;Historia\" \/>\n<meta property=\"og:url\" content=\"https:\/\/asociacionamericanadejuristas.org\/web\/historia\/\" \/>\n<meta property=\"og:site_name\" content=\"Asociaci\u00f3n Americana de Juristas\" \/>\n<meta property=\"article:modified_time\" content=\"2024-01-16T16:03:46+00:00\" \/>\n<meta name=\"twitter:card\" content=\"summary_large_image\" \/>\n<meta name=\"twitter:label1\" content=\"Tiempo de lectura\" \/>\n\t<meta name=\"twitter:data1\" content=\"5 minutos\" \/>\n<script type=\"application\/ld+json\" class=\"yoast-schema-graph\">{\"@context\":\"https:\/\/schema.org\",\"@graph\":[{\"@type\":\"WebPage\",\"@id\":\"https:\/\/asociacionamericanadejuristas.org\/web\/historia\/\",\"url\":\"https:\/\/asociacionamericanadejuristas.org\/web\/historia\/\",\"name\":\"Historia - Asociaci\u00f3n Americana de Juristas\",\"isPartOf\":{\"@id\":\"https:\/\/asociacionamericanadejuristas.org\/web\/#website\"},\"datePublished\":\"2024-01-08T23:34:48+00:00\",\"dateModified\":\"2024-01-16T16:03:46+00:00\",\"breadcrumb\":{\"@id\":\"https:\/\/asociacionamericanadejuristas.org\/web\/historia\/#breadcrumb\"},\"inLanguage\":\"es\",\"potentialAction\":[{\"@type\":\"ReadAction\",\"target\":[\"https:\/\/asociacionamericanadejuristas.org\/web\/historia\/\"]}]},{\"@type\":\"BreadcrumbList\",\"@id\":\"https:\/\/asociacionamericanadejuristas.org\/web\/historia\/#breadcrumb\",\"itemListElement\":[{\"@type\":\"ListItem\",\"position\":1,\"name\":\"Portada\",\"item\":\"https:\/\/asociacionamericanadejuristas.org\/web\/\"},{\"@type\":\"ListItem\",\"position\":2,\"name\":\"Historia\"}]},{\"@type\":\"WebSite\",\"@id\":\"https:\/\/asociacionamericanadejuristas.org\/web\/#website\",\"url\":\"https:\/\/asociacionamericanadejuristas.org\/web\/\",\"name\":\"Asociaci\u00f3n Americana de Juristas\",\"description\":\"Organizaci\u00f3n no Gubernamental con Estado Consultivo ante la O.N.U.\",\"publisher\":{\"@id\":\"https:\/\/asociacionamericanadejuristas.org\/web\/#organization\"},\"potentialAction\":[{\"@type\":\"SearchAction\",\"target\":{\"@type\":\"EntryPoint\",\"urlTemplate\":\"https:\/\/asociacionamericanadejuristas.org\/web\/?s={search_term_string}\"},\"query-input\":{\"@type\":\"PropertyValueSpecification\",\"valueRequired\":true,\"valueName\":\"search_term_string\"}}],\"inLanguage\":\"es\"},{\"@type\":\"Organization\",\"@id\":\"https:\/\/asociacionamericanadejuristas.org\/web\/#organization\",\"name\":\"Asociaci\u00f3n Americana de Juristas\",\"url\":\"https:\/\/asociacionamericanadejuristas.org\/web\/\",\"logo\":{\"@type\":\"ImageObject\",\"inLanguage\":\"es\",\"@id\":\"https:\/\/asociacionamericanadejuristas.org\/web\/#\/schema\/logo\/image\/\",\"url\":\"https:\/\/asociacionamericanadejuristas.org\/web\/wp-content\/uploads\/2024\/01\/logo-aaj_prueba.svg\",\"contentUrl\":\"https:\/\/asociacionamericanadejuristas.org\/web\/wp-content\/uploads\/2024\/01\/logo-aaj_prueba.svg\",\"width\":400,\"height\":75,\"caption\":\"Asociaci\u00f3n Americana de Juristas\"},\"image\":{\"@id\":\"https:\/\/asociacionamericanadejuristas.org\/web\/#\/schema\/logo\/image\/\"}}]}<\/script>\n<!-- \/ Yoast SEO plugin. -->","yoast_head_json":{"title":"Historia - Asociaci\u00f3n Americana de Juristas","robots":{"index":"index","follow":"follow","max-snippet":"max-snippet:-1","max-image-preview":"max-image-preview:large","max-video-preview":"max-video-preview:-1"},"canonical":"https:\/\/asociacionamericanadejuristas.org\/web\/historia\/","og_locale":"es_ES","og_type":"article","og_title":"Historia - Asociaci\u00f3n Americana de Juristas","og_description":"HISTORIA La Asociaci\u00f3n Americana de Juristas es una O.N.G. fundada en 1975, con estatuto consultivo ante el Consejo Econ\u00f3mico y Social de las Naciones Unidas. Son sus principios y objetivos (art. 2 de los Estatutos): La lucha por la autodeterminaci\u00f3n de los pueblos, la plena independencia econ\u00f3mica, y la soberan\u00eda del Estado sobre sus riquezas&hellip;&nbsp;Historia","og_url":"https:\/\/asociacionamericanadejuristas.org\/web\/historia\/","og_site_name":"Asociaci\u00f3n Americana de Juristas","article_modified_time":"2024-01-16T16:03:46+00:00","twitter_card":"summary_large_image","twitter_misc":{"Tiempo de lectura":"5 minutos"},"schema":{"@context":"https:\/\/schema.org","@graph":[{"@type":"WebPage","@id":"https:\/\/asociacionamericanadejuristas.org\/web\/historia\/","url":"https:\/\/asociacionamericanadejuristas.org\/web\/historia\/","name":"Historia - Asociaci\u00f3n Americana de Juristas","isPartOf":{"@id":"https:\/\/asociacionamericanadejuristas.org\/web\/#website"},"datePublished":"2024-01-08T23:34:48+00:00","dateModified":"2024-01-16T16:03:46+00:00","breadcrumb":{"@id":"https:\/\/asociacionamericanadejuristas.org\/web\/historia\/#breadcrumb"},"inLanguage":"es","potentialAction":[{"@type":"ReadAction","target":["https:\/\/asociacionamericanadejuristas.org\/web\/historia\/"]}]},{"@type":"BreadcrumbList","@id":"https:\/\/asociacionamericanadejuristas.org\/web\/historia\/#breadcrumb","itemListElement":[{"@type":"ListItem","position":1,"name":"Portada","item":"https:\/\/asociacionamericanadejuristas.org\/web\/"},{"@type":"ListItem","position":2,"name":"Historia"}]},{"@type":"WebSite","@id":"https:\/\/asociacionamericanadejuristas.org\/web\/#website","url":"https:\/\/asociacionamericanadejuristas.org\/web\/","name":"Asociaci\u00f3n Americana de Juristas","description":"Organizaci\u00f3n no Gubernamental con Estado Consultivo ante la O.N.U.","publisher":{"@id":"https:\/\/asociacionamericanadejuristas.org\/web\/#organization"},"potentialAction":[{"@type":"SearchAction","target":{"@type":"EntryPoint","urlTemplate":"https:\/\/asociacionamericanadejuristas.org\/web\/?s={search_term_string}"},"query-input":{"@type":"PropertyValueSpecification","valueRequired":true,"valueName":"search_term_string"}}],"inLanguage":"es"},{"@type":"Organization","@id":"https:\/\/asociacionamericanadejuristas.org\/web\/#organization","name":"Asociaci\u00f3n Americana de Juristas","url":"https:\/\/asociacionamericanadejuristas.org\/web\/","logo":{"@type":"ImageObject","inLanguage":"es","@id":"https:\/\/asociacionamericanadejuristas.org\/web\/#\/schema\/logo\/image\/","url":"https:\/\/asociacionamericanadejuristas.org\/web\/wp-content\/uploads\/2024\/01\/logo-aaj_prueba.svg","contentUrl":"https:\/\/asociacionamericanadejuristas.org\/web\/wp-content\/uploads\/2024\/01\/logo-aaj_prueba.svg","width":400,"height":75,"caption":"Asociaci\u00f3n Americana de Juristas"},"image":{"@id":"https:\/\/asociacionamericanadejuristas.org\/web\/#\/schema\/logo\/image\/"}}]}},"_links":{"self":[{"href":"https:\/\/asociacionamericanadejuristas.org\/web\/wp-json\/wp\/v2\/pages\/136","targetHints":{"allow":["GET"]}}],"collection":[{"href":"https:\/\/asociacionamericanadejuristas.org\/web\/wp-json\/wp\/v2\/pages"}],"about":[{"href":"https:\/\/asociacionamericanadejuristas.org\/web\/wp-json\/wp\/v2\/types\/page"}],"author":[{"embeddable":true,"href":"https:\/\/asociacionamericanadejuristas.org\/web\/wp-json\/wp\/v2\/users\/2"}],"replies":[{"embeddable":true,"href":"https:\/\/asociacionamericanadejuristas.org\/web\/wp-json\/wp\/v2\/comments?post=136"}],"version-history":[{"count":31,"href":"https:\/\/asociacionamericanadejuristas.org\/web\/wp-json\/wp\/v2\/pages\/136\/revisions"}],"predecessor-version":[{"id":1082,"href":"https:\/\/asociacionamericanadejuristas.org\/web\/wp-json\/wp\/v2\/pages\/136\/revisions\/1082"}],"wp:attachment":[{"href":"https:\/\/asociacionamericanadejuristas.org\/web\/wp-json\/wp\/v2\/media?parent=136"}],"curies":[{"name":"wp","href":"https:\/\/api.w.org\/{rel}","templated":true}]}}